its digit of l?
7
Let c(k) = 8*k - 40. Let x be c(5). Suppose 3*y + 3*z = 1725, y + 5*z - 579 = -x*z. What is the tens digit of y?
7
Let y(p) = -66*p**2 - 2*p + 3. Let l be y(1). Let i = l - -70. Suppose 2*u + 0*u + 346 = 4*q, 0 = 5*u - i. What is the units digit of q?
7
Suppose 0 = -3*g - 11 + 41. Let v(t) = t**3 - 11*t**2 + 12*t - 20. Let j be v(g). What is the units digit of 265 + j + 5*3/15?
6
Suppose 0 = -7*q + 9*q - 844. Suppose -2*s = 5*c - q - 1379, -3*c - 4456 = -5*s. What is the tens digit of s?
9
Suppose 8*m = -104 - 624. Let l be 262*-1*(-4)/(-8). Let y = m - l. What is the tens digit of y?
4
Let v(u) = -u**3 - 7*u**2 - 4*u + 37. Let z be v(-8). Let b = 411 - z. What is the hundreds digit of b?
2
Let f = -12247 + 20764. What is the tens digit of f?
1
Let q = -1833 + 8787. What is the units digit of q?
4
Suppose 0 = -2*d + 2*j + 46494, d + 5*j + 92985 = 5*d. What is the tens digit of d?
5
Suppose 2*n = 308 + 1784. Suppose 3*m - 5*t + 2*t = 618, 0 = -5*m + t + n. Suppose 519 = 9*o - m. What is the units digit of o?
1
Let m(b) = 44*b - 4302. What is the tens digit of m(138)?
7
Let k be (-85)/(-4) + (-12)/(-16). Let p = k + -21. What is the tens digit of (4 - p) + 70 + 2?
7
Suppose -5*a + 2*a + 12 = 0. Suppose -3*i - 5*m + 95 = 0, -a*m = -i - 2*m + 28. Let b = -13 + i. What is the units digit of b?
7
Let i be (1 - 0 - 5)*(-6)/8. Suppose -5 = 5*l, -i*g = -g - 4*l - 156. Let r = g - -26. What is the units digit of r?
2
Let g = -53 + 51. Let j be 1*(10/(-4) - g)*8. What is the units digit of 533/5 + j/(-10)?
7
Let c(s) = -13*s**2 - 3*s - 6. Let t be c(4). Let f be t - (-3 - (-6 - -2)). Let x = -138 - f. What is the tens digit of x?
8
Let h(m) = -7*m**2 - 28*m + 3. Let g be h(-4). Suppose -2*t + 1301 = t + y, -2*y - 1286 = -g*t. What is the tens digit of t?
3
Let i(l) = -2*l**2 - l**3 - 13 + 5 + 3. Let z be i(-3). Let y(k) = k**3 - 2*k**2 + 5. What is the tens digit of y(z)?
3
Let m be 13/(-26) + (-5)/(-2). Let k be -2 - (2/1 - 11). Suppose 3*n - 21 = -2*y, m*y + 3*n + 42 = k*y. What is the units digit of y?
9
What is the ten thousands digit of 183*71 + (-43)/21 + (-17)/(-357)?
1
Suppose 3371 + 537 = y - i, 0 = 3*y + 5*i - 11708. What is the thousands digit of y?
3
Let t(k) = -5*k + 52. Let h be t(21). Let x = h + 69. What is the units digit of x?
6
Let u(t) = -122*t + 74. Let b be u(-3). Let m = 1537 - b. What is the thousands digit of m?
1
Let p(g) = 22*g + 54. Suppose 36*k - 271 = 125. What is the hundreds digit of p(k)?
2
Let b(q) = 2*q**3 + 20*q**2 - q - 14. Let m be b(-10). Let s be m/1 + 6 - -1. Suppose 10*z - s*z = 385. What is the tens digit of z?
5
Let y be -9 - (-5639)/(-5) - (-1)/(-5). What is the hundreds digit of -3 + 4/6*y/(-2)?
3
Let j(d) = 8*d**2 - 19*d. Let m be j(7). Suppose 5*w + 545 = 2*q, 0*q + q - m = -2*w. Let z = q - 93. What is the units digit of z?
2
Let c be (-1 - 0)*8*(-9)/18. Suppose 774 = l - c*q, -2322 = -4*l + l - 2*q. What is the hundreds digit of l?
7
Suppose 2*o - 4 = 4, -3*p - 11 = 4*o. Let a be -9 - p - 27/1. What is the units digit of a/(-4) + 12/48?
7
Let f(z) be the third derivative of -z**6/120 - z**5/6 - z**4/4 - 3*z**3 + z**2 - 15. What is the units digit of f(-10)?
2
Suppose 4*a = 20, -3*f + 2*a + 11 = -2*f. Suppose -f*h = -18*h - 456. What is the hundreds digit of h?
1
Let l(n) = -7*n - 4. Suppose -5 = 6*f - 17. Let v be l(f). Let p = v - -56. What is the tens digit of p?
3
Let z = 431 + -976. Let k be -1*10*(1 - 0). What is the tens digit of z/(-4) + k/8?
3
What is the thousands digit of 6/14 + 32242710/3570?
9
Let n = 1725 + -1032. What is the units digit of -35 + n - (1 + 3)?
4
Let u = -1029 - -1029. Let x = -238 - -521. Suppose u = 8*k + 3 - x. What is the tens digit of k?
3
Suppose -3*r + 5*j + 52420 + 48897 = 0, -5*r + 4*j + 168853 = 0. What is the units digit of r?
9
Let f be 0*(-2 - 9/(-6)). Suppose f*b - 2*y = -2*b - 14, -15 = -5*y. What is the tens digit of (b - 91/(-21))/(2/72)?
1
Suppose -384 = -2*f + 5*f. Suppose 0 = 5*o + 1284 - 144. Let u = f - o. What is the hundreds digit of u?
1
Let l(q) = 5 - 2*q**2 - 3 - 4 + 12 - 5*q. Let d be l(-5). What is the units digit of ((-88)/10)/(0 + 2/d)?
6
Let t = -2 - -9. Let d = 62 + -62. Suppose d = -5*r - 3*m + 134, 0 = r + 2*m - t*m - 38. What is the tens digit of r?
2
Let o = -757 - -65054. What is the ten thousands digit of o?
6
Suppose 156 = 2*r - 3*z - 73, 0 = -5*r + 2*z + 556. Suppose 0 = 4*w - 46 - r. Let y = 111 - w. What is the tens digit of y?
7
What is the thousands digit of 815595/110 - (-6)/4?
7
Suppose 5*o + 4*v + 3542 = 13827, -4*o + 4*v + 8228 = 0. Let k = o + -719. What is the units digit of k?
8
Suppose 2*f - 6*f - 20 = d, 0 = -3*d - 5*f - 25. Suppose 0 = -4*n - d + 12. Suppose u + 7 = 6*u - 4*v, 3 = -u + n*v. What is the units digit of u?
3
Let s(o) be the second derivative of -o**6/144 + 13*o**5/24 - 3*o**4/4 - 5*o. Let w(l) be the third derivative of s(l). What is the hundreds digit of w(-9)?
1
Suppose -28*f + 14 = -21*f. Suppose 0*t + 2*t = r - 12, -r - f*t = -4. Suppose 0 = r*i - 5*i - 633. What is the units digit of i?
1
Suppose -2*m - 3*o + 23 = 0, 0 = m + o + 3*o + 1. Suppose m*l + 19578 = 58*l. What is the tens digit of l?
0
Let q(k) be the second derivative of -k**4/6 + 4*k**3/3 - 3*k**2 - 11*k. Let z be q(3). Suppose z*a = -4*a + 20, -3*a = 3*j - 135. What is the tens digit of j?
4
Let c = 9411 - 5193. What is the hundreds digit of c?
2
What is the hundreds digit of 13*36/780*25765?
4
Let u(d) = 6*d - 72. Let x be u(12). Suppose x*t - 800 = -5*t. What is the units digit of t?
0
Let j(r) = 65*r**2 + 381*r + 203. What is the ten thousands digit of j(24)?
4
Let s = -36 - -38. Suppose -v = -s*v + 223. Let u = -133 + v. What is the units digit of u?
0
What is the thousands digit of ((-672)/8)/7 - -3174?
3
Let d be (1/(7/28))/(-4). What is the thousands digit of d/(4/(-4097)) + 7/(-28)?
1
Suppose 5*x = 19 + 116. Let i = 27 - x. Suppose i = -6*o + 380 + 166. What is the tens digit of o?
9
Let l(d) be the third derivative of 17/24*d**4 + 0*d + 0 + 20*d**2 + 1/4*d**5 + 0*d**3 + 1/120*d**6. What is the tens digit of l(-13)?
1
Suppose 533*i = 534*i - 9. Suppose 1737 + i = k + n, 3*n = 15. What is the hundreds digit of k?
7
Suppose -y + x - 2*x + 174 = 0, -3*y + 5*x + 546 = 0. Suppose 0*g + 2*g - 604 = 0. Let p = g - y. What is the units digit of p?
5
Suppose -4*n = -16, 5*s - 67226 = -80*n + 76*n. What is the thousands digit of s?
3
Let a(b) = 40404*b**2 + 25*b + 13. What is the hundreds digit of a(1)?
4
Suppose -12*d + 3*h = -15*d - 1836, 1 = h. Let k = -396 - d. What is the units digit of k?
7
Suppose 0 = -179*v + 738930 + 3150740. What is the ten thousands digit of v?
2
Let a(y) = -2*y**3 + 5*y**2 + 3*y + 5. Let r(d) = 4*d**3 - 11*d**2 - 8*d - 9. Let g(p) = -13*a(p) - 6*r(p). What is the tens digit of g(6)?
1
Let a be (-5)/2*(-846)/15. Let f be (-2)/(-10) + (-4710)/50. Let t = f + a. What is the tens digit of t?
4
Suppose 29*v = 30*v - 5. Suppose -3*m = -4*o - 2667, v*o = m - 3*m + 1778. Suppose m = 18*n - 1181. What is the tens digit of n?
1
Let l = -1108 + 1879. Suppose 3*a - 682 = 2*r + l, -r - 1929 = -4*a. Suppose 0 = -4*v + 5*f + a, 0*v + 431 = 4*v + 5*f. What is the tens digit of v?
1
Let i be ((8 + -2)/(-1))/(30 - 32). Suppose -2*w - 2009 = -i*z, -14*z - w + 1330 = -12*z. What is the units digit of z?
7
Suppose 13*o + q = 16*o - 97757, -6*o + 195515 = -q. What is the thousands digit of o?
2
Let w(p) = 114*p + 2. Suppose 7*x - 12 = 3*x. Let u be w(x). Suppose q + u = 5*q. What is the tens digit of q?
8
Suppose -29*r + 30*r - 5*g = 10296, -g = r - 10308. What is the units digit of r?
6
Let x = -1862 - -4629. What is the units digit of x?
7
Let p(t) = -t**2 - 24*t - 46. Let o be (-4)/(-54) + 299/(-27). What is the tens digit of p(o)?
9
Let k = 15431 + -7894. What is the units digit of k?
7
Let m(b) = b**3 - 6*b**2 - 8*b + 3. Suppose -4*w + k = -k - 34, -22 = -w + 5*k. Let t be m(w). Let o = 80 + t. What is the units digit of o?
6
Suppose 33*q - 21*q = 14*q - 33226. What is the units digit of q?
3
Let c be (-39)/(-12) + 6/(-24). Suppose -5 = -m, 0 = -c*g + 3*m - 7*m - 58. What is the hundreds digit of (18/(-4) - 0)*g?
1
Let p(c) = 63*c**3 - 7*c - 2. Let h(x) = 64*x**3 - 8*x - 3. Let r(k) = 4*h(k) - 5*p(k). Let j be